1447?
False
Is 10 a factor of 26171700?
True
Is 11 a factor of 50218660?
False
Is 358 a factor of 688665984?
True
Is 60280850 a multiple of 5?
True
Is 30193677 a multiple of 20?
False
Does 116 divide 299375236?
True
Does 1746 divide 212545818?
True
Does 15 divide 1804872936?
False
Is 7607 a factor of 14730589?
False
Is 166 a factor of 77382147?
False
Is 154 a factor of 282522512?
False
Is 19 a factor of 342214313?
False
Is 88 a factor of 179273072?
True
Is 95216718 a multiple of 4?
False
Is 7 a factor of 1608456437?
True
Is 3438 a factor of 41619318?
False
Is 2200961959 a multiple of 6747?
False
Is 327640896 a multiple of 365?
False
Does 2369 divide 2762017100?
True
Is 683900725 a multiple of 350?
False
Does 50 divide 1058901167?
False
Is 3288 a factor of 240738656?
False
Is 7314721 a multiple of 352?
False
Does 1640 divide 30523565?
False
Does 1565 divide 1110770412?
False
Is 318 a factor of 222307122?
True
Is 4350 a factor of 869370584?
False
Does 251 divide 10587431?
True
Is 1509660256 a multiple of 416?
True
Is 1087741176 a multiple of 20?
False
Is 212988202 a multiple of 6?
False
Is 235548059 a multiple of 3796?
False
Is 193 a factor of 43128166?
True
Does 30 divide 1131303120?
True
Is 140 a factor of 590730140?
True
Is 1039 a factor of 74673918?
False
Does 13 divide 53878777?
False
Is 1018 a factor of 82767709?
False
Is 41219561 a multiple of 4012?
False
Does 848 divide 42169344?
True
Is 2620174 a multiple of 48?
False
Does 12 divide 5017722844?
False
Is 613 a factor of 36075663?
True
Is 35 a factor of 1220389555?
True
Is 2677 a factor of 649935445?
True
Is 332680886 a multiple of 354?
False
Is 26 a factor of 10271040?
True
Is 11730808 a multiple of 10?
False
Does 28 divide 13182814?
False
Is 83309286 a multiple of 17?
False
Is 1070218993 a multiple of 122?
False
Is 109181106 a multiple of 5280?
False
Is 15895680 a multiple of 60?
True
Is 218183640 a multiple of 1861?
True
Is 33071178 a multiple of 394?
True
Is 40071010 a multiple of 110?
False
Does 9 divide 3297159396?
True
Is 105 a factor of 53564490?
True
Is 459 a factor of 322386133?
False
Is 22587840 a multiple of 55?
True
Is 6733712 a multiple of 163?
False
Is 2404 a factor of 20278768?
False
Is 465 a factor of 31359118?
False
Does 417 divide 97998011?
False
Is 67220254 a multiple of 461?
True
Is 137 a factor of 19347885?
False
Is 62943504 a multiple of 8?
True
Does 982 divide 617987260?
False
Does 122 divide 968679390?
True
Is 69 a factor of 11517756?
True
Is 346 a factor of 36297130?
True
Does 2 divide 202457?
False
Is 636 a factor of 1214286180?
True
Does 2378 divide 169754118?
False
Does 10 divide 85832881?
False
Is 156094136 a multiple of 136?
True
Is 1594461520 a multiple of 131?
False
Does 2223 divide 107482050?
True
Is 37 a factor of 25242688?
False
Is 35038401 a multiple of 12?
False
Is 214609184 a multiple of 32?
True
Is 39 a factor of 1000879581?
True
Does 69 divide 6052350562?
False
Does 36 divide 86286404?
False
Does 2037 divide 26603220?
True
Is 9946623 a multiple of 91?
False
Is 3414 a factor of 395549454?
True
Is 3507 a factor of 21867846?
False
Is 12 a factor of 447819132?
True
Is 1041953414 a multiple of 167?
True
Is 25465146 a multiple of 141?
False
Is 97 a factor of 161174071?
False
Is 5 a factor of 591993105?
True
Is 17 a factor of 749468698?
True
Does 92 divide 238283864?
True
Is 249 a factor of 686506230?
False
Does 716 divide 186039712?
True
Is 593382813 a multiple of 979?
False
Is 310 a factor of 5000741232?
False
Does 12 divide 24656365?
False
Is 129 a factor of 9287355?
True
Is 124161448 a multiple of 5084?
True
Does 23 divide 1766034990?
True
Is 322 a factor of 1031067995?
False
Does 189 divide 49410837?
True
Does 30 divide 15958020?
True
Does 1401 divide 194461266?
False
Is 3156367949 a multiple of 1057?
True
Is 2531832 a multiple of 93?
True
Is 628626030 a multiple of 86?
True
Does 3 divide 51305701?
False
Is 32 a factor of 74364446?
False
Is 237 a factor of 202316290?
False
Does 11 divide 5862670?
True
Is 58562502 a multiple of 131?
True
Does 136 divide 250308000?
True
Does 200 divide 1202653155?
False
Is 811 a factor of 44461642?
False
Is 129077508 a multiple of 4172?
True
Is 274038336 a multiple of 2376?
True
Is 45 a factor of 46842750?
True
Does 251 divide 6077559?
False
Is 315239544 a multiple of 18?
True
Is 1257166278 a multiple of 6?
True
Is 493279545 a multiple of 23?
False
Is 86247960 a multiple of 40?
True
Is 97787000 a multiple of 1000?
True
Is 32332173 a multiple of 6?
False
Is 68339559 a multiple of 213?
True
Is 46 a factor of 5631891?
False
Is 18742403 a multiple of 730?
False
Is 199 a factor of 143170003?
False
Is 531525912 a multiple of 7823?
True
Is 11345501 a multiple of 4?
False
Is 4 a factor of 9503532?
True
Is 96 a factor of 913676833?
False
Is 2767 a factor of 738403599?
False
Does 24 divide 83739804?
False
Is 102938657 a multiple of 1404?
False
Is 123 a factor of 610430139?
False
Does 3 divide 82559338?
False
Does 3632 divide 369581424?
True
Does 17 divide 3386907681?
False
Does 844 divide 12685320?
True
Is 81 a factor of 46417257?
False
Is 7633782 a multiple of 323?
True
Is 803053610 a multiple of 45?
False
Is 5220 a factor of 733978980?
True
Is 411 a factor of 258469477?
False
Is 1691 a factor of 11935078?
True
Is 13 a factor of 1054843185?
False
Is 230902370 a multiple of 254?
False
Is 37 a factor of 898582?
True
Does 25 divide 5828405?
False
Is 15171513 a multiple of 161?
True
Is 102 a factor of 431660?
False
Does 6 divide 93959430?
True
Is 89 a factor of 329370652?
False
Is 615335625 a multiple of 2361?
True
Does 398 divide 234024?
True
Is 174555808 a multiple of 987?
False
Is 21 a factor of 25596249?
True
Is 38736143 a multiple of 31?
True
Does 99 divide 858273844?
False
Does 5 divide 254847365?
True
Does 227 divide 116136227?
False
Is 22 a factor of 160449740?
True
Does 726 divide 2699442240?
True
Does 14 divide 2099822?
False
Is 532447639 a multiple of 8?
False
Is 42 a factor of 9749712?
True
Is 8 a factor of 14267929?
False
Is 2021 a factor of 146655886?
True
Does 331 divide 3206363373?
False
Is 4253 a factor of 3551255?
True
Is 39927708 a multiple of 346?
True
Is 1654 a factor of 127749196?
False
Is 389 a factor of 471294895?
True
Is 48347499 a multiple of 62?
False
Does 18 divide 307639836?
True
Is 2 a factor of 1970519?
False
Is 17829645 a multiple of 5?
True
Is 5 a factor of 11121462?
False
Does 1905 divide 78291690?
True
Is 165 a factor of 248046480?
True
Is 645437928 a multiple of 12?
True
Does 1195 divide 21942590?
True
Is 425141640 a multiple of 980?
True
Does 13 divide 471299284?
False
Does 45 divide 30213270?
True
Is 141 a factor of 25805712?
False
Is 464964313 a multiple of 5699?
True
Is 57409311 a multiple of 199?
True
Is 146067 a multiple of 3?
True
Is 7823725 a multiple of 43?
False
Does 64 divide 998700544?
True
Does 45 divide 439895385?
True
Is 2582781768 a multiple of 2556?
True
Is 59227465 a multiple of 361?
True
Does 3 divide 33057506?
False
Is 18 a factor of 772561170?
True
Does 41 divide 199628997?
False
Does 1226 divide 1201938524?
True
Is 2431281424 a multiple of 3289?
True
Does 106 divide 786289556?
True
Does 648 divide 51069284?
False
Is 136 a factor of 66698344?
True
Is 2020048128 a multiple of 42?
True
Is 23717119 a multiple of 769?
False
Is 131 a factor of 47297419?
True
Does 385 divide 68703991?
False
Is 15 a factor of 33696765?
True
Is 948008551 a multiple of 7?
True
Is 14057655 a multiple of 79?
True
Is 7 a factor of 112883942?
False
Is 62313624 a multiple of 1242?
True
Is 60 a factor of 6179700?
True
Is 6 a factor of 43812389?
False
Is 95599350 a multiple of 15?
True
Is 9 a factor of 120408183?
True
Is 724 a factor of 117971093?
False
Does 12 divide 563500210?
False
Is 422653698 a multiple of 169?
False
Is 23000505 a multiple of 2?
False
Does 793 divide 266866654?
False
Does 5032 divide 517550387?
False
Is 103896 a multiple of 17?
False
Does 131 divide 2554580518?
False
Is 211 a factor of 18232239?
False
Is 165133640 a multiple of 70?
True
Is 13900007 a multiple of 10?
False
Is 33447533 a multiple of 1267?
True
Does 14 divide 570349584?
True
Does 231 divide 101129721?
True
Does 27 divide 25867333?
False
Is 231381540 a multiple of 195?
True
Does 4527 divide 157261572?
False
Does 169 di